 f(q) be the second derivative of -5*q**4/6 + 92*q. Give f(w).
-10
Suppose 4*m = 5*r + 72, r + 14 = 5*m - 4*m. Let o = r + 22. Let y(v) be the second derivative of v**5/20 - v**4/2 + v**2 - v. What is y(o)?
2
Let b be -8*(-7 + (-13)/(-2) + 0). Let m(n) be the second derivative of -n**3/6 + n**2/2 + 2*n. Calculate m(b).
-3
Suppose -2*z = -4*u + 23 + 1, 0 = 4*u + 2*z - 24. Let f = 2 + 0. Let b(w) = 1 + 2*w**2 + 5*w**f - w**2 + 5 - w**3 - 2*w. What is b(u)?
-6
Let c(b) = b**2 + 6*b - 3. Let s be -3*(0 + -1)/(-1 - -2). Let r(i) = -4*i + 6. Let z be r(s). What is c(z)?
-3
Let r(o) = -o**3 + 7*o**2 - 2. Suppose -5*m - 6 = -41. What is r(m)?
-2
Let x(v) = -6*v**2 + v + 1. Let t = 241 + -243. Suppose 0 = u - 4. Let g be (2/u)/(t/4). Determine x(g).
-6
Let o = 3 - 0. Let s be 8/12 - 2/o. Let f(w) = 6*w**2 + 3*w - 7*w**2 + s - 3 - 10*w. What is f(-6)?
3
Let r be (2 - (-27)/(-6))*2. Let o(c) = 3*c - 41*c**2 + 4 - 41*c**2 - 45*c**2 + 128*c**2. What is o(r)?
14
Suppose -3*t + 2*b = -25, b + b = 2*t - 18. Let p(n) = -4 - t + n + 9 - 10. Calculate p(0).
-12
Let m(o) = -o**2 - o. Suppose -f - 3*f = 0. Let s(d) = -4 + f + d - 4 - 2*d. Let a be s(-6). Calculate m(a).
-2
Let s(j) = 2*j - 6. Suppose 2*y = -2*i + 8, i + 7 = 2*y + 2*i. Suppose 0 = -y*p + 60 - 15. Suppose -4*x = -x - p. Determine s(x).
4
Let w(m) = -m**3 + 5*m**2 - 4*m + 5. Let f be 3 - (3 - -4)/(-7). Calculate w(f).
5
Let h = -74 + 74. Let k(c) = 2*c + h - 1 + 11*c**2 - c**2 + 11*c**2. Give k(1).
22
Let s(m) = 2*m + 17. Suppose -2*b = 6, -4*n - 10 = 2*b + 12. What is s(n)?
9
Let f(w) be the second derivative of w**4/3 - 171*w. What is f(1)?
4
Let v(h) = 0*h + 0 - 2*h - 8. Let l be ((-4)/(-8))/(9/(-108)). Give v(l).
4
Let t(l) = l**3 + 7*l**2 - 4*l - 6. Let r be (-9)/3 - (1 - (-4 + 1)). Determine t(r).
22
Let n(p) = 2*p + 2. Suppose 2*m + 1 = f, 0 = m - 4*f + 3*f + 2. Let v be (m/(-2))/(2/12). What is n(v)?
-4
Let d(c) = 9*c - 6. Let a(f) = 11*f - 8. Let z(n) = -4*a(n) + 5*d(n). Give z(-8).
-6
Let c = -86 - -87. Let f(j) be the first derivative of 4*j**2 + j + 18. Give f(c).
9
Let k(t) = 5*t**3 + 2*t**2 - 12*t - 2. Let x(d) = -3*d**3 + 6*d. Let g(p) = 4*k(p) + 7*x(p). Suppose 3 - 38 = -5*c. Give g(c).
-1
Let r(x) be the third derivative of x**6/60 + 5*x**5/12 + 5*x**4/12 - 23*x**3/6 - 239*x**2. Give r(-12).
1
Let h(o) = o**2 + 6*o + 3. Suppose 2*l + 3 = x - 2, 2*l - 10 = -4*x. Let t(r) be the first derivative of 3*r**4/4 + 5. Let g be t(l). What is h(g)?
-6
Let k(h) = 0*h**2 - 3*h + 2*h + 5*h**2 - 6*h**2 - h. Give k(0).
0
Let l(c) = -c + 26. Let v be l(19). Let z(h) = -h**3 + 9*h**2 - 8*h + 4. Calculate z(v).
46
Let j(i) = -2*i - 4. Suppose 2*b - r + 23 = 0, -68*b + 2*r - 1 = -69*b. Calculate j(b).
14
Let i(j) = -9*j**2 - 2*j + 3. Let w(l) = 46*l**2 + 11*l - 17. Let z(b) = 11*i(b) + 2*w(b). Calculate z(-1).
-8
Let r be 18/(-12)*(-4)/(-6). Let c(y) be the first derivative of 12 + 4/3*y**3 + y + 0*y**2. Give c(r).
5
Let g(q) = 2*q - 29. Let v be g(12). Let r(b) = -5*b**3 - 9*b**2 - 4*b + 7. Let w(h) = 3*h**3 + 6*h**2 + 3*h - 5. Let l(m) = v*r(m) - 8*w(m). Determine l(4).
5
Suppose 4*r + 5*l = 2*l - 12, 4*r - 5*l + 44 = 0. Let a(o) = o + 18. Let u(b) = 4*b + 61. Let h(y) = -3*a(y) + u(y). What is h(r)?
1
Let q be (-2)/4 - 2/(-4). Let p = 0 - q. Let w(t) = -t**3 - 7*t**2 + 6*t + 2. Let v(r) = r**3 + 6*r**2 - 5*r - 1. Let s(k) = -7*v(k) - 6*w(k). Give s(p).
-5
Let g(c) = -5 + 406*c + c**2 + c**2 - 408*c. Determine g(-4).
35
Suppose 2*v + 2*t + 10 = -2*t, -5*v = -4*t - 31. Suppose g + 3 = m, v*m = -m + 2*g + 14. Let b(q) = q**2 - 4*q - 4. Give b(m).
-4
Suppose 0*r - 5*r - 10 = 5*l, 5*r = l - 28. Let f be ((-1)/(l/18))/(-3). Let w(s) = 0*s**3 + 6 + 4*s**f - s**2 - s**3 - 9. Determine w(3).
-3
Let c(d) = 2*d - 11. Suppose 0 = -5*q - 14 + 34. Let z be c(q). Let l(x) = 2*x + 0*x - x - 4*x. Give l(z).
9
Let z(f) = 17*f - 5. Let h(b) = 36*b - 11. Let o(w) = -6*h(w) + 13*z(w). What is o(1)?
6
Let b(i) = i**2 - 4*i - 14. Suppose -19*q + 3*q + 96 = 0. Give b(q).
-2
Let q(w) = 4*w + 2. Let u(o) = -7*o - 3. Suppose -3*d - d = 12. Let x(c) = d*u(c) - 5*q(c). Let s(l) = l**2 - 4*l + 6. Let h(p) = s(p) + 4*x(p). Determine h(2).
6
Let m(n) be the second derivative of -1/20*n**5 + 6*n - 1/2*n**3 + 3*n**2 + 0 + 1/3*n**4. Let f = -10 - -14. Determine m(f).
-6
Let d(z) = z. Let c(b) = 1. Let u(v) = -6*c(v) + d(v). What is u(-7)?
-13
Let m(h) = -h**3 - 4*h**2 + 2*h + 4. Let n be m(-4). Let b(c) = -4*c - 13*c**2 + c**2 - 6 + c**2 + 10*c**2. What is b(n)?
-6
Let q(o) = -2*o - 1. Suppose 2*d + 16 = 3*m + 5, -2*m - 18 = 5*d. Give q(d).
7
Let i(d) be the third derivative of 0 - 7/60*d**5 + 7/24*d**4 + 1/120*d**6 + 28*d**2 - 7/6*d**3 + 0*d. Determine i(6).
-1
Let q be (-4 - -5)*47/1. Let p(i) = -q + i**2 + 23 + 7*i + 26. What is p(-6)?
-4
Let a(z) = -4*z + 2. Suppose 3*w = 2*t - 3, -5*t - 3 = -5*w - 8. Let n(x) = -x + 1. Let h(k) = w*a(k) + 5*n(k). Give h(0).
3
Let r(k) = -6 - 2*k**3 + 8*k**3 - 6*k + 5*k**2 - 6*k**3 + k**3. Let x = -3 + 6. Suppose j + 5 = x*t + 14, -13 = 3*j - t. Calculate r(j).
-6
Suppose -12 = -2*b - b. Let t(d) = b*d - 3 + 1 - 2*d - d. Let l(c) = c**2 - 7*c + 2. Let r be l(6). Give t(r).
-6
Let n(b) = -5*b**2 + 71*b + 1. Let x(a) = a**2 - 14*a. Let u(s) = -2*n(s) - 11*x(s). Determine u(11).
9
Let s = 59 + -48. Suppose 8 = t + s. Let m(z) = z**3 + 3*z**2 - 2*z + 2. Determine m(t).
8
Let x(m) = -3*m + 7. Let d(u) = u**3 - 30*u**2 + 2*u - 54. Let q be d(30). Determine x(q).
-11
Let p(h) = h + 4. Let k = 16 + -6. Let f(j) = -j**3 + 11*j**2 - 10*j - 12. Let y be f(k). Let x = -18 - y. Calculate p(x).
-2
Suppose -8*l = -21*l - 130. Let s(k) = k**3 + 11*k**2 + 10*k - 2. Determine s(l).
-2
Let m = 251 - 247. Let n(p) = -p**2 + 4*p + 7. Determine n(m).
7
Let q(o) = 4*o**3 - 30*o**2 + 41*o - 3. Let m(b) = 5*b**3 - 31*b**2 + 38*b - 2. Let s(l) = 3*m(l) - 4*q(l). Calculate s(25).
6
Let c(q) = -7*q**2 + q - 1. Let j(x) = 13*x**2 - 2*x + 1. Let s(k) = 11*c(k) + 6*j(k). Determine s(0).
-5
Let c(j) = j**3 + 7*j**2. Let d(g) = g**3 + g**2. Let l(y) = -c(y) + 2*d(y). Let p(s) = -2*s - 9. Let m be p(-7). Calculate l(m).
0
Let y(c) = 3*c - 56. Suppose 346 = 34*d - 334. Determine y(d).
4
Let l(y) = y**3 - y**2 - 5*y + 2. Let w be l(3). Let u(p) = p + 6. Let i be u(-6). Let m(s) = -s + 5*s - 2 + i*s - w*s. Calculate m(-7).
5
Suppose 13*c = 12*c + 66. Let z(r) = 7*r**2 - c*r + 34*r - r**3 + 27*r. Determine z(6).
6
Let p(s) = -s**3 + 3*s - 8*s + 2*s**2 - 1 + 8*s. Let w = 8 - 6. Let o be (2/4)/(w/12). Give p(o).
-1
Let f(x) = -2*x**2 - 33*x - 26. Let p(z) = z**2 + 16*z + 13. Let j(c) = 6*f(c) + 13*p(c). Let w = -6 - 3. Give j(w).
4
Suppose -n + 12 = 2*n. Let a(f) = 6*f**2 + n*f**2 + 3*f**2 - 14*f**2 + 4. Give a(0).
4
Let d(p) = 5*p**3 + 4*p - 1. Let h(b) be the first derivative of -11*b**4/4 - b**3/3 - 9*b**2/2 + 3*b + 13. Let j(a) = -9*d(a) - 4*h(a). Determine j(4).
-3
Let b(r) be the first derivative of -7*r**2/2 + 38. Give b(1).
-7
Let h(a) = -a**3 + 5*a**2 + 10*a - 13. Let t be h(6). Let s(g) = -13*g - t + 26 - 16. Give s(-1).
12
Let g(q) = -q**3 + 11*q**2 - 3 + 14*q**2 - 4 - 5*q + 11*q**2 - 40*q**2. Determine g(-3).
-1
Suppose 3*o + 4*h = 26, 5*o - h + 7 = 6*o. Suppose -g = -4*g + 6. Let j(p) = 7*p - o - g*p - 3*p - 4*p. Give j(-2).
2
Let r(g) = -3*g + 18. Let f be r(8). Let i be (3/9)/(2/12). Let w(m) = -m**2 - 3*m + 0*m**i - 2*m. Calculate w(f).
-6
Let j(m) = m**3 - 11*m**2 - 14*m + 27. Let k be j(12). Let w be 6/(-6)*(k + 3). Let l(h) = 4*h + 9. Give l(w).
-15
Let c(n) = 5*n - 11. Let w(d) = 3*d - 7. Let j(b) = 5*c(b) - 7*w(b). Let a be j(3). Let h(q) = -q - 1. Let y(s) = -s - 15. Let f(z) = -2*h(z) + y(z). Give f(a).
-7
Let q(s) = s**2 + 5*s + 2. Suppose 342*b + 12 = 338*b. Determine q(b).
-4
Let c = -80 - -85. Let z(h) = -5*h + c*h - 10*h + 4*h - h**2 - 1. Calculate z(-6).
-1
Let q(i) = 8*i**3 + 5*i**2 + 4*i + 4. Let u(a) = -23*a**3 - 14*a**2 - 11*a - 11. Let m(z) = -11*q(z) - 4*u(z). Let t be (-4)/((-12)/(-3))*-1. Give m(t).
5
Let z(c) be the second derivative of c**5/20 - c**4/3 + c**3 - 3*c**2 + 35*c. Give z(4).
18
Let t be (-75)/(-39) + 2/26. Let v(f) be the third derivative of 1/12*f**4 + 0*f + 0 + 2/3*f**3 - 3*f**t. What is v(5)?
14
Let k(j) = -2*j**2 + 2*j + 4. Let h be 65 - 5/((-5)/3). Let p = -65 + h. Determine 